{"id":80,"date":"2024-11-29T18:33:21","date_gmt":"2024-11-29T17:33:21","guid":{"rendered":"http:\/\/www.bellasicilia.org\/?page_id=80"},"modified":"2024-11-29T18:33:21","modified_gmt":"2024-11-29T17:33:21","slug":"messina","status":"publish","type":"page","link":"http:\/\/www.bellasicilia.org\/index.php\/messina\/","title":{"rendered":"Messina"},"content":{"rendered":"\n<figure class=\"wp-block-image size-full is-resized\"><img loading=\"lazy\" decoding=\"async\" width=\"374\" height=\"500\" src=\"http:\/\/www.bellasicilia.org\/wp-content\/uploads\/2024\/11\/Messina-Stemma.png\" alt=\"\" class=\"wp-image-81\" style=\"width:840px;height:auto\" srcset=\"http:\/\/www.bellasicilia.org\/wp-content\/uploads\/2024\/11\/Messina-Stemma.png 374w, http:\/\/www.bellasicilia.org\/wp-content\/uploads\/2024\/11\/Messina-Stemma-224x300.png 224w, http:\/\/www.bellasicilia.org\/wp-content\/uploads\/2024\/11\/Messina-Stemma-112x150.png 112w\" sizes=\"auto, (max-width: 374px) 100vw, 374px\" \/><\/figure>\n\n\n\n<p><strong>Messina<\/strong>\u00a0(<small><a href=\"https:\/\/it.wikipedia.org\/wiki\/Alfabeto_fonetico_internazionale\">AFI<\/a><\/small>:\u00a0<a href=\"https:\/\/it.wikipedia.org\/wiki\/Aiuto:IPA\">[mes\u02c8si\u02d0na]<\/a>\u00a0<a href=\"https:\/\/upload.wikimedia.org\/wikipedia\/commons\/transcoded\/8\/89\/It-Messina.ogg\/It-Messina.ogg.mp3\"><small>ascolta<\/small><\/a><sup><a href=\"https:\/\/it.wikipedia.org\/wiki\/File:It-Messina.ogg\">\u24d8<\/a><\/sup>;\u00a0<em>Missina<\/em>\u00a0in\u00a0<a href=\"https:\/\/it.wikipedia.org\/wiki\/Lingua_siciliana\">siciliano<\/a><sup><a href=\"https:\/\/it.wikipedia.org\/wiki\/Messina#cite_note-ReferenceA-5\">[5]<\/a><\/sup>) \u00e8 un\u00a0<a href=\"https:\/\/it.wikipedia.org\/wiki\/Comune_(Italia)\">comune italiano<\/a>\u00a0di 217\u00a0202 abitanti<sup><a href=\"https:\/\/it.wikipedia.org\/wiki\/Messina#cite_note-template_divisione_amministrativa-abitanti-2\">[2]<\/a><\/sup>\u00a0<a href=\"https:\/\/it.wikipedia.org\/wiki\/Capoluogo\">capoluogo<\/a>\u00a0dell&#8217;<a href=\"https:\/\/it.wikipedia.org\/wiki\/Citt%C3%A0_metropolitana_di_Messina\">omonima citt\u00e0 metropolitana<\/a>\u00a0in\u00a0<a href=\"https:\/\/it.wikipedia.org\/wiki\/Sicilia\">Sicilia<\/a>. \u00c8 il terzo comune siciliano per abitanti dopo il capoluogo\u00a0<a href=\"https:\/\/it.wikipedia.org\/wiki\/Palermo\">Palermo<\/a>\u00a0e\u00a0<a href=\"https:\/\/it.wikipedia.org\/wiki\/Catania\">Catania<\/a>, nonch\u00e9 il tredicesimo comune italiano per popolazione e la terza citt\u00e0 non capoluogo di regione pi\u00f9 popolosa d&#8217;Italia. Sorge nei pressi dell&#8217;estrema punta nordorientale della Sicilia (<a href=\"https:\/\/it.wikipedia.org\/wiki\/Capo_Peloro\">Capo Peloro<\/a>) sullo\u00a0<em><a href=\"https:\/\/it.wikipedia.org\/wiki\/Stretto_di_Messina\">stretto<\/a><\/em>\u00a0che ne porta il nome. Il suo\u00a0<a href=\"https:\/\/it.wikipedia.org\/wiki\/Porto_di_Messina\">porto<\/a>, da millenni uno dei principali crocevia commerciali del Mediterraneo e solo in epoca contemporanea divenuto scalo dei\u00a0<a href=\"https:\/\/it.wikipedia.org\/wiki\/Traghettamento_nello_stretto_di_Messina\">traghetti per il continente<\/a>, \u00e8 il primo<sup><a href=\"https:\/\/it.wikipedia.org\/wiki\/Messina#cite_note-assoporti.it-6\">[6]<\/a><\/sup>\u00a0in Italia per numero di passeggeri in transito.<sup><a href=\"https:\/\/it.wikipedia.org\/wiki\/Messina#cite_note-risposteturismo.it-7\">[7]<\/a><\/sup>\u00a0La\u00a0<a href=\"https:\/\/it.wikipedia.org\/wiki\/Universit%C3%A0_degli_Studi_di_Messina\">sede universitaria<\/a>\u00a0di Messina \u00e8 importante e storica: la &#8220;<em>Studiorum Universitas&#8221;<\/em>\u00a0fu fondata nel\u00a0<a href=\"https:\/\/it.wikipedia.org\/wiki\/1548\">1548<\/a>\u00a0da\u00a0<a href=\"https:\/\/it.wikipedia.org\/wiki\/Sant%27Ignazio_di_Loyola\">sant&#8217;Ignazio di Loyola<\/a><sup><a href=\"https:\/\/it.wikipedia.org\/wiki\/Messina#cite_note-Universit%C3%A0_degli_Studi_di_Messina-8\">[8]<\/a><\/sup>.<\/p>\n\n\n\n<figure class=\"wp-block-image size-large\"><img loading=\"lazy\" decoding=\"async\" width=\"1024\" height=\"673\" src=\"http:\/\/www.bellasicilia.org\/wp-content\/uploads\/2024\/11\/Lo-stretto-di-Messina-1024x673.jpg\" alt=\"\" class=\"wp-image-82\" srcset=\"http:\/\/www.bellasicilia.org\/wp-content\/uploads\/2024\/11\/Lo-stretto-di-Messina-1024x673.jpg 1024w, http:\/\/www.bellasicilia.org\/wp-content\/uploads\/2024\/11\/Lo-stretto-di-Messina-300x197.jpg 300w, http:\/\/www.bellasicilia.org\/wp-content\/uploads\/2024\/11\/Lo-stretto-di-Messina-768x505.jpg 768w, http:\/\/www.bellasicilia.org\/wp-content\/uploads\/2024\/11\/Lo-stretto-di-Messina-1536x1010.jpg 1536w, http:\/\/www.bellasicilia.org\/wp-content\/uploads\/2024\/11\/Lo-stretto-di-Messina-150x99.jpg 150w, http:\/\/www.bellasicilia.org\/wp-content\/uploads\/2024\/11\/Lo-stretto-di-Messina.jpg 1920w\" sizes=\"auto, (max-width: 1024px) 100vw, 1024px\" \/><\/figure>\n\n\n\n<p>Fondata dai\u00a0<a href=\"https:\/\/it.wikipedia.org\/wiki\/Siculi\">Siculi<\/a>\u00a0con il nome di\u00a0<em><a href=\"https:\/\/it.wikipedia.org\/wiki\/Zancle\">Zancle<\/a>\u00a0nel 757 a.c.<\/em>, che nella\u00a0<a href=\"https:\/\/it.wikipedia.org\/wiki\/Lingua_sicula\">loro lingua<\/a>\u00a0significava\u00a0<em>falce<\/em>, venne ripopolata da coloni\u00a0<a href=\"https:\/\/it.wikipedia.org\/wiki\/Grecia_antica\">greci<\/a>\u00a0venendo rinominata\u00a0<em><a href=\"https:\/\/it.wikipedia.org\/wiki\/Messana\">Messana<\/a><\/em>. Fu un&#8217;importante citt\u00e0\u00a0<a href=\"https:\/\/it.wikipedia.org\/wiki\/Impero_romano\">romana<\/a>\u00a0e poi\u00a0<a href=\"https:\/\/it.wikipedia.org\/wiki\/Impero_bizantino\">greco-bizantina<\/a>, ma nell&#8217;<a href=\"https:\/\/it.wikipedia.org\/wiki\/843\">843<\/a>\u00a0venne completamente distrutta dagli\u00a0<a href=\"https:\/\/it.wikipedia.org\/wiki\/Arabi\">arabi<\/a>. Quasi abbandonata durante il periodo islamico, risorse in et\u00e0\u00a0<a href=\"https:\/\/it.wikipedia.org\/wiki\/Normanni\">normanna<\/a>\u00a0e raggiunse l&#8217;apice della sua grandezza fra il tardo\u00a0<a href=\"https:\/\/it.wikipedia.org\/wiki\/Medioevo\">Medioevo<\/a>\u00a0e la met\u00e0 del\u00a0<a href=\"https:\/\/it.wikipedia.org\/wiki\/XVII_secolo\">XVII secolo<\/a>, quando contendeva a\u00a0<a href=\"https:\/\/it.wikipedia.org\/wiki\/Palermo\">Palermo<\/a>\u00a0il ruolo di capitale del\u00a0<a href=\"https:\/\/it.wikipedia.org\/wiki\/Regno_di_Sicilia\">Regno di Sicilia<\/a>. Messa a ferro e fuoco nel\u00a0<a href=\"https:\/\/it.wikipedia.org\/wiki\/1678\">1678<\/a>\u00a0dopo una storica\u00a0<a href=\"https:\/\/it.wikipedia.org\/wiki\/Rivolta_antispagnola_di_Messina\">rivolta antispagnola<\/a>\u00a0che comport\u00f2 l&#8217;annientamento della sua classe dirigente, venne gravemente danneggiata da un\u00a0<a href=\"https:\/\/it.wikipedia.org\/wiki\/Terremoto_della_Calabria_meridionale_del_1783\">terremoto nel 1783<\/a>. Fu\u00a0<a href=\"https:\/\/it.wikipedia.org\/wiki\/Assedio_di_Messina_del_1848\">assediata<\/a>\u00a0durante la\u00a0<a href=\"https:\/\/it.wikipedia.org\/wiki\/Rivoluzione_siciliana_del_1848\">rivoluzione siciliana del 1848<\/a>\u00a0contro\u00a0<a href=\"https:\/\/it.wikipedia.org\/wiki\/Ferdinando_II_di_Borbone\">Ferdinando II di Borbone<\/a>, subendo gravi danni. Nel\u00a0<a href=\"https:\/\/it.wikipedia.org\/wiki\/1908\">1908<\/a>\u00a0un altro\u00a0<a href=\"https:\/\/it.wikipedia.org\/wiki\/Terremoto_di_Messina_del_1908\">disastroso terremoto<\/a>\u00a0distrusse la citt\u00e0 quasi per intero, provocando la morte di circa met\u00e0 della popolazione. Ricostruita a partire dal\u00a0<a href=\"https:\/\/it.wikipedia.org\/wiki\/1912\">1912<\/a>,<sup><a href=\"https:\/\/it.wikipedia.org\/wiki\/Messina#cite_note-9\">[9]<\/a><\/sup>\u00a0spesso in\u00a0<a href=\"https:\/\/it.wikipedia.org\/wiki\/Liberty_a_Messina\">stile Liberty<\/a>, la citt\u00e0 moderna si presenta con una maglia ordinata e regolare di vie ampie e rettilinee in direzione nord-sud. Essendo un obiettivo strategico, la citt\u00e0 dello stretto fu pesantemente bombardata dagli\u00a0<a href=\"https:\/\/it.wikipedia.org\/wiki\/Alleati_della_seconda_guerra_mondiale\">alleati<\/a>\u00a0nel\u00a0<a href=\"https:\/\/it.wikipedia.org\/wiki\/1943\">1943<\/a>\u00a0durante lo\u00a0<a href=\"https:\/\/it.wikipedia.org\/wiki\/Sbarco_in_Sicilia\">sbarco in Sicilia<\/a>, venendo colpita da circa 6500 tonnellate di esplosivo in circa 2800 bombardamenti aerei e 4 bombardamenti navali. Tale evento fece guadagnare alla citt\u00e0 la\u00a0<a href=\"https:\/\/it.wikipedia.org\/wiki\/Medaglia_d%27oro_al_valor_militare\">medaglia d&#8217;oro al valor militare<\/a>. Durante i bombardamenti, essendo stata Messina ricostruita dopo il terremoto del 1908 con criteri antisismici, molti palazzi rimasero incredibilmente stabili nonostante le quantit\u00e0 di esplosivo alle quali erano stati esposti, e, a causa di ci\u00f2, gli aviatori britannici e statunitensi notarono dall&#8217;alto la citt\u00e0 deserta ma ancora straordinariamente integra e la soprannominarono\u00a0<em>Ghost City<\/em>\u00a0(citt\u00e0 fantasma).<sup><a href=\"https:\/\/it.wikipedia.org\/wiki\/Messina#cite_note-10\">[10]<\/a><\/sup><\/p>\n\n\n\n<figure class=\"wp-block-image size-large\"><img loading=\"lazy\" decoding=\"async\" width=\"1024\" height=\"768\" src=\"http:\/\/www.bellasicilia.org\/wp-content\/uploads\/2024\/11\/Giganti-di-Messina-1024x768.jpg\" alt=\"\" class=\"wp-image-83\" srcset=\"http:\/\/www.bellasicilia.org\/wp-content\/uploads\/2024\/11\/Giganti-di-Messina-1024x768.jpg 1024w, http:\/\/www.bellasicilia.org\/wp-content\/uploads\/2024\/11\/Giganti-di-Messina-300x225.jpg 300w, http:\/\/www.bellasicilia.org\/wp-content\/uploads\/2024\/11\/Giganti-di-Messina-768x576.jpg 768w, http:\/\/www.bellasicilia.org\/wp-content\/uploads\/2024\/11\/Giganti-di-Messina-150x113.jpg 150w, http:\/\/www.bellasicilia.org\/wp-content\/uploads\/2024\/11\/Giganti-di-Messina.jpg 1280w\" sizes=\"auto, (max-width: 1024px) 100vw, 1024px\" \/><\/figure>\n\n\n\n<h3 class=\"wp-block-heading\" id=\"Territorio\">Territorio<\/h3>\n\n\n\n<p>[<a href=\"https:\/\/it.wikipedia.org\/w\/index.php?title=Messina&amp;veaction=edit&amp;section=2\">modifica<\/a>&nbsp;|&nbsp;<a href=\"https:\/\/it.wikipedia.org\/w\/index.php?title=Messina&amp;action=edit&amp;section=2\">modifica wikitesto<\/a>]<\/p>\n\n\n\n<figure class=\"wp-block-image\"><a href=\"https:\/\/it.wikipedia.org\/wiki\/File:Stretto_antico.jpg\"><img decoding=\"async\" src=\"https:\/\/upload.wikimedia.org\/wikipedia\/commons\/thumb\/9\/91\/Stretto_antico.jpg\/220px-Stretto_antico.jpg\" alt=\"\"\/><\/a><figcaption class=\"wp-element-caption\">Lo&nbsp;<a href=\"https:\/\/it.wikipedia.org\/wiki\/Stretto_di_Messina\">stretto di Messina<\/a>&nbsp;visto dal Santuario di Montalto<\/figcaption><\/figure>\n\n\n\n<p>Situata nell&#8217;angolo nord est della&nbsp;<a href=\"https:\/\/it.wikipedia.org\/wiki\/Sicilia\">Sicilia<\/a>, sulla sponda occidentale dello&nbsp;<a href=\"https:\/\/it.wikipedia.org\/wiki\/Stretto_di_Messina\">stretto di Messina<\/a>&nbsp;(<a href=\"https:\/\/it.wikipedia.org\/wiki\/Mar_Ionio\">Mar Ionio<\/a>)\u2014 altitudine 3 metri&nbsp;<a href=\"https:\/\/it.wikipedia.org\/wiki\/S.l.m.\">s.l.m.<\/a><sup><a href=\"https:\/\/it.wikipedia.org\/wiki\/Messina#cite_note-Geografia_di_Messina-11\">[11]<\/a><\/sup>\u2014 si estende per&nbsp;213,75&nbsp;km\u00b2&nbsp;di superficie comunale. La sua estensione sulla costa (56&nbsp;km&nbsp;dalla costa di Giampilieri a sud a quella di Orto Liuzzo a nord), che ne fa la citt\u00e0 pi\u00f9 &#8220;lunga&#8221; e pi\u00f9 marittima d&#8217;Italia<sup><a href=\"https:\/\/it.wikipedia.org\/wiki\/Messina#cite_note-12\">[12]<\/a><\/sup>.<\/p>\n\n\n\n<p>Il comune si situa a&nbsp;96&nbsp;km&nbsp;da&nbsp;<a href=\"https:\/\/it.wikipedia.org\/wiki\/Catania\">Catania<\/a><sup><a href=\"https:\/\/it.wikipedia.org\/wiki\/Messina#cite_note-13\">[13]<\/a><\/sup>&nbsp;e&nbsp;223&nbsp;km&nbsp;da&nbsp;<a href=\"https:\/\/it.wikipedia.org\/wiki\/Palermo\">Palermo<\/a><sup><a href=\"https:\/\/it.wikipedia.org\/wiki\/Messina#cite_note-14\">[14]<\/a><\/sup>, stretta tra le coste ionica e tirrenica e i&nbsp;<a href=\"https:\/\/it.wikipedia.org\/wiki\/Monti_Peloritani\">monti Peloritani<\/a>, si affaccia con il suo grande&nbsp;<a href=\"https:\/\/it.wikipedia.org\/wiki\/Porto_di_Messina\">porto<\/a>&nbsp;naturale, militare e commerciale, chiuso dalla&nbsp;<a href=\"https:\/\/it.wikipedia.org\/wiki\/Penisola\">penisoletta<\/a>&nbsp;a forma di falce di&nbsp;<a href=\"https:\/\/it.wikipedia.org\/wiki\/Penisola_di_San_Raineri\">San Raineri<\/a>, di fronte a&nbsp;<a href=\"https:\/\/it.wikipedia.org\/wiki\/Villa_San_Giovanni\">Villa San Giovanni<\/a>&nbsp;e poco pi\u00f9 a nord rispetto a&nbsp;<a href=\"https:\/\/it.wikipedia.org\/wiki\/Reggio_Calabria\">Reggio Calabria<\/a>.&nbsp;<a href=\"https:\/\/it.wikipedia.org\/wiki\/Capo_Peloro\">Capo Peloro<\/a>, nella zona nord della citt\u00e0, \u00e8 invece dirimpettaio di&nbsp;<a href=\"https:\/\/it.wikipedia.org\/wiki\/Scilla_(Italia)\">Scilla<\/a>. In queste acque \u00e8 localizzato il mito di&nbsp;<a href=\"https:\/\/it.wikipedia.org\/wiki\/Scilla_e_Cariddi\">Scilla e Cariddi<\/a><sup><a href=\"https:\/\/it.wikipedia.org\/wiki\/Messina#cite_note-15\">[15]<\/a><\/sup>, i cui gorghi sono paragonati alla pena delle anime dell&#8217;inferno che girano in tondo e si urtano in eterno (&#8220;qui la gente riddi&#8221;).<\/p>\n\n\n\n<p>\u00abCome fa l&#8217;onda l\u00e0 sovra Cariddi, \/ che si frange con quella in cui s&#8217;intoppa, \/ cos\u00ec convien che qui la gente riddi.\u00bb<\/p>\n\n\n\n<p>(<small><a href=\"https:\/\/it.wikipedia.org\/wiki\/Dante_Alighieri\">Dante Alighieri<\/a>,&nbsp;<em>Divina commedia<\/em>, VII canto dell&#8217;Inferno.<\/small>)<\/p>\n\n\n\n<p>Un&#8217;epoca del&nbsp;<a href=\"https:\/\/it.wikipedia.org\/wiki\/Neogene\">Neogene<\/a>, frazione del&nbsp;<a href=\"https:\/\/it.wikipedia.org\/wiki\/Miocene\">Miocene<\/a>&nbsp;superiore, periodo noto come quello in cui il&nbsp;<a href=\"https:\/\/it.wikipedia.org\/wiki\/Mediterraneo\">Mediterraneo<\/a>&nbsp;aument\u00f2 la sua salinit\u00e0 in seguito alla chiusura dello&nbsp;<a href=\"https:\/\/it.wikipedia.org\/wiki\/Stretto_di_Gibilterra\">Stretto di Gibilterra<\/a>, prende il nome di&nbsp;<a href=\"https:\/\/it.wikipedia.org\/wiki\/Messiniano\">Messiniano<\/a>&nbsp;dal ritrovamento a Messina delle sue rocce caratteristiche, le evaporiti<sup><a href=\"https:\/\/it.wikipedia.org\/wiki\/Messina#cite_note-16\">[16]<\/a><\/sup>;<\/p>\n\n\n\n<figure class=\"wp-block-image\"><a href=\"https:\/\/it.wikipedia.org\/wiki\/File:Lo_stretto_di_Messina.jpg\"><img decoding=\"async\" src=\"https:\/\/upload.wikimedia.org\/wikipedia\/commons\/thumb\/c\/c7\/Lo_stretto_di_Messina.jpg\/220px-Lo_stretto_di_Messina.jpg\" alt=\"\"\/><\/a><figcaption class=\"wp-element-caption\">Lo&nbsp;<a href=\"https:\/\/it.wikipedia.org\/wiki\/Stretto_di_Messina\">stretto di Messina<\/a>, visto dalla zona nord della citt\u00e0<\/figcaption><\/figure>\n\n\n\n<p>Dal livello del mare, all&#8217;interno dello stesso comune, \u00e8 possibile salire sino a 1&nbsp;127 metri s.l.m.<sup><a href=\"https:\/\/it.wikipedia.org\/wiki\/Messina#cite_note-Geografia_di_Messina-11\">[11]<\/a><\/sup>, tramite i&nbsp;<a href=\"https:\/\/it.wikipedia.org\/wiki\/Collina\">colli<\/a>&nbsp;che sovrastano la citt\u00e0, al&nbsp;<a href=\"https:\/\/it.wikipedia.org\/wiki\/Monte_Dinnammare\">monte Dinnammare<\/a>, dal latino &#8220;bimaris&#8221;, due mari. Da qui la vista spazia sui due mari della citt\u00e0, lo lonio, sullo stretto di Messina e il Tirreno. Ad est, \u00e8 possibile vedere l&#8217;intera citt\u00e0 di Messina, mentre al di l\u00e0 del mare la Calabria dal suo punto pi\u00f9 meridionale sino a&nbsp;<a href=\"https:\/\/it.wikipedia.org\/wiki\/Capo_Vaticano\">Capo Vaticano<\/a>, in&nbsp;<a href=\"https:\/\/it.wikipedia.org\/wiki\/Provincia_di_Vibo_Valentia\">provincia di Vibo Valentia<\/a>. A sud, \u00e8 nettamente visibile l&#8217;imponente vista dell&#8217;<a href=\"https:\/\/it.wikipedia.org\/wiki\/Etna\">Etna<\/a>. A nord ovest, le&nbsp;<a href=\"https:\/\/it.wikipedia.org\/wiki\/Isole_Eolie\">isole Eolie<\/a>&nbsp;e la costa tirrenica con Capo&nbsp;<a href=\"https:\/\/it.wikipedia.org\/wiki\/Milazzo\">Milazzo<\/a>, Capo&nbsp;<a href=\"https:\/\/it.wikipedia.org\/wiki\/Tindari\">Tindari<\/a>&nbsp;e Capo Calav\u00e0 di&nbsp;<a href=\"https:\/\/it.wikipedia.org\/wiki\/Gioiosa_Marea\">Gioiosa Marea<\/a><sup><a href=\"https:\/\/it.wikipedia.org\/wiki\/Messina#cite_note-Geografia_di_Messina-11\">[11]<\/a><\/sup>.<\/p>\n\n\n\n<p>La citt\u00e0 si sviluppa prevalentemente in senso longitudinale lungo la costa dello stretto senza soluzione di continuit\u00e0 da&nbsp;<a href=\"https:\/\/it.wikipedia.org\/wiki\/Giampilieri_Marina\">Giampilieri Marina<\/a>&nbsp;a&nbsp;<a href=\"https:\/\/it.wikipedia.org\/wiki\/Capo_Peloro\">Capo Peloro<\/a>&nbsp;per 32&nbsp;km<sup><a href=\"https:\/\/it.wikipedia.org\/wiki\/Messina#cite_note-Territorio_di_Messina-17\">[17]<\/a><\/sup>&nbsp;nella fascia jonica. La fascia tirrenica, di&nbsp;24&nbsp;km,<sup><a href=\"https:\/\/it.wikipedia.org\/wiki\/Messina#cite_note-Territorio_di_Messina-17\">[17]<\/a><\/sup>&nbsp;si estende da&nbsp;<a href=\"https:\/\/it.wikipedia.org\/wiki\/Capo_Peloro\">Capo Peloro<\/a>&nbsp;a Ponte Gallo. L&#8217;area urbana centrale, che pu\u00f2 essere racchiusa tra i torrenti Annunziata e San Filippo, oggi coperti dal piano stradale, \u00e8 lunga circa&nbsp;12&nbsp;km, con scarsa propensione verso&nbsp;<a href=\"https:\/\/it.wikipedia.org\/wiki\/Ovest\">ovest<\/a>&nbsp;dovuta ai contrafforti collinari dei Peloritani, che impediscono lo sviluppo di un ampio reticolato urbano geometrico in tale direzione. L&#8217;estrema vicinanza dei monti conferisce alla parte occidentale della citt\u00e0 una certa pendenza, superata con scalinate e attraversata dalla panoramica circonvallazione situata a monte. Sono presenti verso l&#8217;interno, numerose &#8220;intrusioni urbane&#8221;, in corrispondenza delle brevi pianure dei torrenti, che tendono a inglobare come quartieri alcuni dei pi\u00f9 antichi casali del territorio cittadino, i cosiddetti &#8220;Villaggi&#8221;, attualmente 48<sup><a href=\"https:\/\/it.wikipedia.org\/wiki\/Messina#cite_note-18\">[18]<\/a><\/sup>.<\/p>\n\n\n\n<p>Messina \u00e8 situata al centro di una zona agricola, con una consistente produzione di&nbsp;<a href=\"https:\/\/it.wikipedia.org\/wiki\/Agrumi\">agrumi<\/a><sup><a href=\"https:\/\/it.wikipedia.org\/wiki\/Messina#cite_note-greenplanet.net-19\">[19]<\/a><\/sup>, tra cui il&nbsp;<a href=\"https:\/\/it.wikipedia.org\/wiki\/Limone\">limone<\/a>, l&#8217;<a href=\"https:\/\/it.wikipedia.org\/wiki\/Arancio\">arancio<\/a>, il&nbsp;<a href=\"https:\/\/it.wikipedia.org\/wiki\/Citrus_reticulata\">mandarino<\/a>&nbsp;e il&nbsp;<a href=\"https:\/\/it.wikipedia.org\/wiki\/Mandarancio\">mandarancio<\/a>&nbsp;o&nbsp;<a href=\"https:\/\/it.wikipedia.org\/wiki\/Citrus_%C3%97_clementina\">clementina<\/a>, frutta, ortaggi, del vino D.O.C.&nbsp;<a href=\"https:\/\/it.wikipedia.org\/wiki\/Faro_(vino)\">Faro<\/a><sup><a href=\"https:\/\/it.wikipedia.org\/wiki\/Messina#cite_note-20\">[20]<\/a><\/sup>&nbsp;e, dal 2016, della birra (DOC 15 e Birra dello Stretto)<sup><a href=\"https:\/\/it.wikipedia.org\/wiki\/Messina#cite_note-21\">[21]<\/a><\/sup>. Dal 1548 la citt\u00e0 \u00e8&nbsp;<a href=\"https:\/\/it.wikipedia.org\/wiki\/Universit%C3%A0_degli_studi_di_Messina\">sede universitaria<\/a><sup><a href=\"https:\/\/it.wikipedia.org\/wiki\/Messina#cite_note-Universit%C3%A0_degli_Studi_di_Messina-8\">[8]<\/a><\/sup>, dell&#8217;<a href=\"https:\/\/it.wikipedia.org\/wiki\/Arcidiocesi_di_Messina-Lipari-Santa_Lucia_del_Mela\">Arcidiocesi Protometropolitana di Messina &#8211; Lipari &#8211; Santa Lucia del Mela<\/a>&nbsp;e dell&#8217;<a href=\"https:\/\/it.wikipedia.org\/wiki\/Archimandritato_del_Santissimo_Salvatore\">Archimandritato del Santissimo Salvatore<\/a>&nbsp;e di un&#8217;antica&nbsp;<a href=\"https:\/\/it.wikipedia.org\/wiki\/Fiera_Internazionale_di_Messina\">Fiera Internazionale di Messina<\/a>&nbsp;conclusa nel&nbsp;<a href=\"https:\/\/it.wikipedia.org\/wiki\/2013\">2013<\/a><sup><a href=\"https:\/\/it.wikipedia.org\/wiki\/Messina#cite_note-22\">[22]<\/a><\/sup>. Il&nbsp;<a href=\"https:\/\/it.wikipedia.org\/wiki\/Porto\">porto<\/a>&nbsp;era sede di un antico&nbsp;<a href=\"https:\/\/it.wikipedia.org\/wiki\/Arsenale_militare_marittimo_di_Messina\">Arsenale<\/a>&nbsp;militare ed \u00e8 tuttora sede dei&nbsp;<a href=\"https:\/\/it.wikipedia.org\/wiki\/Cantiere\">cantieri<\/a>&nbsp;navali&nbsp;<a href=\"https:\/\/it.wikipedia.org\/wiki\/Rodriquez_Cantieri_Navali\">Rodriquez<\/a>, ora&nbsp;<a href=\"https:\/\/it.wikipedia.org\/wiki\/Intermarine\">Intermarine<\/a>, e Palumbo<sup><a href=\"https:\/\/it.wikipedia.org\/wiki\/Messina#cite_note-23\">[23]<\/a><\/sup>.<\/p>\n","protected":false},"excerpt":{"rendered":"<p>Messina\u00a0(AFI:\u00a0[mes\u02c8si\u02d0na]\u00a0ascolta\u24d8;\u00a0Missina\u00a0in\u00a0siciliano[5]) \u00e8 un\u00a0comune italiano\u00a0di 217\u00a0202 abitanti[2]\u00a0capoluogo\u00a0dell&#8217;omonima citt\u00e0 metropolitana\u00a0in\u00a0Sicilia. \u00c8 il terzo comune siciliano per abitanti dopo il capoluogo\u00a0Palermo\u00a0e\u00a0Catania, nonch\u00e9 il tredicesimo comune italiano per popolazione e la terza citt\u00e0 non capoluogo di regione pi\u00f9 popolosa d&#8217;Italia. Sorge nei pressi dell&#8217;estrema punta nordorientale della Sicilia (Capo Peloro) sullo\u00a0stretto\u00a0che ne porta il &#8230;<\/p>\n<p class=\"continue-reading-button\"> <a class=\"continue-reading-link\" href=\"http:\/\/www.bellasicilia.org\/index.php\/messina\/\">Continue reading<i class=\"crycon-right-dir\"><\/i><\/a><\/p>\n","protected":false},"author":1,"featured_media":82,"parent":0,"menu_order":0,"comment_status":"closed","ping_status":"closed","template":"","meta":{"footnotes":""},"class_list":["post-80","page","type-page","status-publish","has-post-thumbnail","hentry"],"_links":{"self":[{"href":"http:\/\/www.bellasicilia.org\/index.php\/wp-json\/wp\/v2\/pages\/80","targetHints":{"allow":["GET"]}}],"collection":[{"href":"http:\/\/www.bellasicilia.org\/index.php\/wp-json\/wp\/v2\/pages"}],"about":[{"href":"http:\/\/www.bellasicilia.org\/index.php\/wp-json\/wp\/v2\/types\/page"}],"author":[{"embeddable":true,"href":"http:\/\/www.bellasicilia.org\/index.php\/wp-json\/wp\/v2\/users\/1"}],"replies":[{"embeddable":true,"href":"http:\/\/www.bellasicilia.org\/index.php\/wp-json\/wp\/v2\/comments?post=80"}],"version-history":[{"count":1,"href":"http:\/\/www.bellasicilia.org\/index.php\/wp-json\/wp\/v2\/pages\/80\/revisions"}],"predecessor-version":[{"id":84,"href":"http:\/\/www.bellasicilia.org\/index.php\/wp-json\/wp\/v2\/pages\/80\/revisions\/84"}],"wp:featuredmedia":[{"embeddable":true,"href":"http:\/\/www.bellasicilia.org\/index.php\/wp-json\/wp\/v2\/media\/82"}],"wp:attachment":[{"href":"http:\/\/www.bellasicilia.org\/index.php\/wp-json\/wp\/v2\/media?parent=80"}],"curies":[{"name":"wp","href":"https:\/\/api.w.org\/{rel}","templated":true}]}}